s digit of 797196?
9
What is the hundreds digit of 69435?
4
What is the tens digit of 165479?
7
What is the ten thousands digit of 470844?
7
What is the ten millions digit of 18002348?
1
What is the tens digit of 342458?
5
What is the millions digit of 8913688?
8
What is the hundreds digit of 997258?
2
What is the hundred thousands digit of 7829224?
8
What is the ten thousands digit of 535728?
3
What is the ten thousands digit of 213286?
1
What is the tens digit of 948191?
9
What is the ten thousands digit of 722932?
2
What is the hundreds digit of 19570?
5
What is the units digit of 6245144?
4
What is the units digit of 3247260?
0
What is the tens digit of 13296462?
6
What is the thousands digit of 381708?
1
What is the units digit of 9162800?
0
What is the units digit of 30957?
7
What is the hundred thousands digit of 18897770?
8
What is the ten thousands digit of 314531?
1
What is the hundred thousands digit of 13468940?
4
What is the thousands digit of 1287217?
7
What is the thousands digit of 139102?
9
What is the ten thousands digit of 596814?
9
What is the hundreds digit of 1651696?
6
What is the ten thousands digit of 3126509?
2
What is the ten millions digit of 12522790?
1
What is the ten thousands digit of 25303?
2
What is the units digit of 1137040?
0
What is the tens digit of 2232852?
5
What is the units digit of 4970015?
5
What is the tens digit of 2977?
7
What is the hundred thousands digit of 181116?
1
What is the tens digit of 1936274?
7
What is the ten thousands digit of 242409?
4
What is the millions digit of 18743826?
8
What is the ten millions digit of 23776503?
2
What is the ten thousands digit of 63628?
6
What is the units digit of 18106987?
7
What is the tens digit of 2489612?
1
What is the millions digit of 1084670?
1
What is the tens digit of 6365893?
9
What is the hundred thousands digit of 649303?
6
What is the hundred thousands digit of 932893?
9
What is the units digit of 919854?
4
What is the hundred thousands digit of 5051132?
0
What is the units digit of 3276509?
9
What is the hundreds digit of 399991?
9
What is the hundreds digit of 328599?
5
What is the thousands digit of 1487744?
7
What is the ten millions digit of 25381378?
2
What is the millions digit of 1102381?
1
What is the hundred thousands digit of 467012?
4
What is the units digit of 647896?
6
What is the ten thousands digit of 391852?
9
What is the thousands digit of 8282287?
2
What is the hundreds digit of 59915?
9
What is the units digit of 24814?
4
What is the hundred thousands digit of 112593?
1
What is the millions digit of 5712421?
5
What is the tens digit of 1602957?
5
What is the thousands digit of 159540?
9
What is the units digit of 247996?
6
What is the hundreds digit of 165533?
5
What is the units digit of 5992352?
2
What is the units digit of 16186400?
0
What is the hundreds digit of 1075418?
4
What is the units digit of 379872?
2
What is the hundreds digit of 14767142?
1
What is the units digit of 998?
8
What is the ten thousands digit of 25694909?
9
What is the tens digit of 186799?
9
What is the units digit of 40260?
0
What is the units digit of 5685809?
9
What is the millions digit of 1902820?
1
What is the ten thousands digit of 1273963?
7
What is the thousands digit of 38774?
8
What is the units digit of 327237?
7
What is the units digit of 4085083?
3
What is the hundred thousands digit of 282562?
2
What is the millions digit of 5569176?
5
What is the thousands digit of 21901421?
1
What is the hundred thousands digit of 577808?
5
What is the thousands digit of 322773?
2
What is the tens digit of 474970?
7
What is the units digit of 373025?
5
What is the thousands digit of 18609630?
9
What is the hundreds digit of 7822945?
9
What is the ten thousands digit of 297077?
9
What is the tens digit of 437968?
6
What is the thousands digit of 10009109?
9
What is the units digit of 4303853?
3
What is the ten thousands digit of 6800255?
0
What is the millions digit of 1136231?
1
What is the ten thousands digit of 3238896?
3
What is the thousands digit of 37421?
7
What is the tens digit of 2864220?
2
What is the hundred thousands digit of 236753?
2
What is the tens digit of 4185761?
6
What is the units digit of 173370?
0
What is the units digit of 18249?
9
What is the millions digit of 6979516?
6
What is the thousands digit of 215543?
5
What is the thousands digit of 90815?
0
What is the units digit of 91974?
4
What is the tens digit of 6616818?
1
What is the ten thousands digit of 6520681?
2
What is the thousands digit of 7056911?
6
What is the hundred thousands digit of 1159122?
1
What is the tens digit of 2024624?
2
What is the tens digit of 1903317?
1
What is the millions digit of 4946917?
4
What is the hundred thousands digit of 331759?
3
What is the ten thousands digit of 16741114?
4
What is the units digit of 159977?
7
What is the millions digit of 17815529?
7
What is the thousands digit of 54148?
4
What is the hundreds digit of 675857?
8
What is the millions digit of 1476342?
1
What is the thousands digit of 952014?
2
What is the ten millions digit of 29641470?
2
What is the ten thousands digit of 409959?
0
What is the tens digit of 9609661?
6
What is the hundreds digit of 6283109?
1
What is the hundred thousands digit of 181691?
1
What is the tens digit of 513770?
7
What is the tens digit of 151636?
3
What is the thousands digit of 62042?
2
What is the hundreds digit of 5600?
6
What is the units digit of 2511719?
9
What is the tens digit of 716571?
7
What is the ten thousands digit of 654529?
5
What is the units digit of 5492592?
2
What is the units digit of 401655?
5
What is the thousands digit of 251749?
1
What is the hundreds digit of 1945547?
5
What is the hundred thousands digit of 3006201?
0
What is the tens digit of 8520923?
2
What is the ten thousands digit of 2423099?
2
What is the units digit of 590276?
6
What is the thousands digit of 359038?
9
What is the hundreds digit of 25805910?
9
What is the hundreds digit of 5510327?
3
What is the tens digit of 3386?
8
What is the hundred thousands digit of 497360?
4
What is the hundreds digit of 4186229?
2
What is the ten thousands digit of 343911?
4
What is the hundreds digit of 624924?
9
What is the ten thousands digit of 5065780?
6
What is the thousands digit of 444511?
4
What is the hundred thousands digit of 9739256?
7
What is the hundred thousands digit of 8406044?
4
What is the tens digit of 40875?
7
What is the thousands digit of 7673174?
3
What is the units digit of 2496363?
3
What is the thousands digit of 19424?
9
What is the tens digit of 4118590?
9
What is the units digit of 7465579?
9
What is the hundreds digit of 1885414?
4
What is the units digit of 131123?
3
What is the millions digit of 25024926?
5
What is the thousands digit of 13087226?
7
What is the tens digit of 88819?
1
What is the hundred thousands digit of 2017980?
0
What is the hundred thousands digit of 838273?
8
What is the hundreds digit of 21834063?
0
What is the hundreds digit of 3195148?
1
What is the ten thousands digit of 12478552?
7
What is the hundreds digit of 99492?
4
What is the hundreds digit of 2339317?
3
What is the ten millions digit of 11517281?
1
What is the hundreds digit of 3555443?
4
What is the ten thousands digit of 18624125?
2
What is the hundreds digit of 46339?
3
What is the millions digit of 4760834?
4
What is the hundred thousands digit of 919220?
9
What is the thousands digit of 2574973?
4
What is the thousands digit of 246714?
6
What is the hundreds digit of 55002?
0
What is the millions digit of 4996224?
4
What is the tens digit of 208123?
2
What is the units digit of 414057?
7
What is the hundreds digit of 357209?
2
What is the thousands digit of 70665?
0
What is the units digit of 2397659?
9
What is the hundreds digit of 44474?
4
What is the tens digit of 296080?
8
What is the ten thousands digit of 3143339?
4
What is the hundreds digit of 23406591?
5
What is the ten thousands digit of 1354558?
5
What is the tens digit of 67342?
4
What is the hundreds digit of 6037634?
6
What is the tens digit of 337771?
7
What is the units digit of 186878?
8
What is the units digit of 75302?
2
What is the millions digit of 1206986?
1
What is the millions digit of 1891961?
1
What is th